the units digit of v?
9
Let o(t) = -t + 12. Suppose 0 = 3*y - 4*f, -2*y - 5*f = 2*y. Let s be (-3 - y) + 28/2. What is the units digit of o(s)?
1
Suppose 3 = -0*n + n, x = -2*n + 8. Suppose -3*p = x*p + 10. What is the units digit of (-19)/(-4)*(6 + p)?
9
Let q(d) = d - 1. Suppose -s - 5*u + 3 = -0, -4*s - 18 = 5*u. Let f = s - -16. What is the units digit of q(f)?
8
Let r(w) be the third derivative of -w**5/60 - w**4/4 - 5*w**3/6 + w**2. Let h be r(-5). What is the units digit of 0 + h + 0 + 1?
1
Suppose 3*r - 505 = -5*k, 3*k - 4*r - 58 = 274. Suppose -5*g + k = -1. Suppose 4*s = s + g. What is the units digit of s?
7
Suppose 5*g - 5 = 5. Let p be (-12)/8*(-20)/6. Suppose -r = -p + g. What is the units digit of r?
3
Let q(p) = -p + 12. Suppose 0 = f - 4*g + 7 + 7, -f - 4*g - 6 = 0. Let b = -5 - f. What is the units digit of q(b)?
7
Let j(c) = c**3 + 5*c**2 - 7*c - 5. Let y be j(-6). Let b = -2 + y. What is the units digit of (-1 + (6 - b))/1?
6
What is the units digit of (-814)/(-8) - (-7)/28 - 3?
9
Let z(x) = -x - 3. Let p be z(-7). Suppose -p*i = 2*t - 3*t, 5*t - 16 = 4*i. What is the units digit of 4*(9/t - 0)?
9
Let i = 15 + 9. Let r = i - 11. What is the units digit of r?
3
Suppose -3*y + 3*a + 107 = -y, -5*y = 2*a - 239. What is the units digit of y?
9
Let x(n) = 13*n**2 - 12*n**2 + 9 + 6. What is the tens digit of x(0)?
1
Suppose -v + 0*v = -3*a, 0 = -4*v - a + 13. What is the units digit of v?
3
Suppose s + 1 + 1 = 0. Let c be s + 1 - 3/(-3). Suppose c = 3*r - 2 - 28. What is the units digit of r?
0
Suppose 5*u - 113 + 18 = 0. Suppose -3*j = -8 - u. Let v(y) = -y**3 + 9*y**2 + y - 6. What is the units digit of v(j)?
3
Let o be 7/14*(-2)/(-1). Suppose 0 = -4*g + 27 + o. What is the units digit of g?
7
What is the tens digit of 6/(8 + -2)*185?
8
Let m = 29 - 1. What is the units digit of m?
8
Suppose 661 = 15*a - 2189. What is the units digit of a?
0
Suppose 3*a = -0*a + 282. What is the units digit of a?
4
Let q = 578 + -341. What is the hundreds digit of q?
2
Let q(d) = 2 + d**3 + 5*d**2 + 127*d - 127*d. Let j = 9 - 13. What is the tens digit of q(j)?
1
Let q(s) = s**2 - 4*s - 16. What is the units digit of q(12)?
0
Let c(y) = 87*y**2 + y + 4. What is the tens digit of c(-2)?
5
Suppose 2*i + 2*l - 48 = -l, 3*l - 30 = -i. Let x = i + -8. What is the tens digit of x?
1
Let q = -10 + -1. Let a(r) = -r + 5. Let j be a(q). Let g = j - 9. What is the units digit of g?
7
Let w(d) = 3*d + 1. Let r be w(1). Suppose -k - r = -2. Let p = 4 + k. What is the units digit of p?
2
Let z(q) = -4*q**2 + q. Let x be z(1). What is the tens digit of (-3)/(x - 45/(-16))?
1
Let g(w) = -w**3 + 4*w**2 + 6*w + 2. Let j(t) = 5*t**2. Let p be j(-2). Suppose -4*f = -0*f - p. What is the units digit of g(f)?
7
Let i(l) = 35*l**2 + l - 1. Let w be i(1). Suppose -3*k - 2*k = -25, -5*k = 2*c - w. What is the units digit of c?
5
Suppose 3*t + 111 = a, -712 + 169 = -5*a + 3*t. What is the units digit of a?
8
Let c(y) be the second derivative of -y**2 - 3*y + 0 + y**3 - 1/12*y**4. What is the units digit of c(4)?
6
Suppose 0 = -0*z + z. Let w = z + 7. What is the units digit of w?
7
Suppose -x = 2 - 5. Let o be (-2)/(-5)*(-15)/x. What is the units digit of o/((-2)/(-1)) - -6?
5
Suppose 2*r - 4*y - 10 = 0, -4*y + 10 = 5*r + y. Suppose 4*m - r*j + 319 = -281, -4*m = -5*j + 600. What is the units digit of (m/5)/(-1 + -1)?
5
Suppose -7*w = -2*w + 10, 3*m = 4*w + 8. Let x be (-2)/(-3) + 32/6. Suppose n - x = -m. What is the units digit of n?
6
Let w(n) be the first derivative of n**3/3 + n**2/2 - n - 9. What is the units digit of w(2)?
5
Suppose -2*s = -4*b + 78, -5*s - 143 = 4*b - b. Let q = 48 + s. Suppose 6 = -3*i, 4*u + 4*i = 7*u - q. What is the units digit of u?
3
Suppose 5*h + b = 7, 0 = -3*h - 4*b - b - 9. Suppose 5*y - 4*r - 10 = -6*r, -3 = -h*y - r. What is the units digit of y?
4
Suppose 0 = 4*b - 3*b - 41. What is the tens digit of b?
4
Let s(i) = -3*i**2 - 2*i - 3. Suppose -5*n + 5*m + 0*m - 5 = 0, 7 = -5*n + 3*m. Let c be s(n). Let k = 17 + c. What is the units digit of k?
6
Suppose 4*v = 288 - 36. What is the tens digit of v?
6
What is the hundreds digit of 1812/16*(-12)/(-9)?
1
Let v = -25 + 60. Suppose -3*j + v = -7. What is the units digit of j?
4
Suppose i = -s + 258, -4*s + i + 254 = -3*s. What is the units digit of s?
6
Let a be 0 + 1 + -7 + -1. Let l = 10 + a. What is the units digit of l?
3
Let n = -2 + 6. Suppose 20 = n*x - 24. Suppose 3*u + 13 = 5*w, -4*u = -3*w + 2*w - x. What is the units digit of u?
4
Suppose -4*h = -6*h + 26. Let w = h + -4. What is the units digit of w?
9
Suppose 2*z + 2*h - 46 = 0, -2*z = -5*z + 3*h + 69. Suppose 0 = 3*o - 13 - z. What is the tens digit of o?
1
Let g = 2 - 2. Suppose g = -s - 2*o - 4 - 5, -5*s - 5*o = 35. Let h(p) = p + 11. What is the units digit of h(s)?
6
Let w be (10/(-3))/((-2)/(-6)). What is the units digit of (-21 - w)/(-2 + 1)?
1
Suppose -3*l - 5*o = 13, 0 = 4*l + 4*o + 8 + 4. Let p be 3*-1*l/(-3). What is the units digit of (-12)/(-8) + p/2?
1
What is the units digit of ((-1)/(-3))/((-3)/(-162))?
8
Let i be 2/(-8) - (-10)/8. Suppose -3*t = a - 14 - 3, -4*t + 26 = 2*a. Suppose -t*x + i = -3*s, 3*s = -x + 4*x. What is the units digit of x?
1
Let q(t) = -t**2 + 8*t - 8. Let k be q(6). Let n(w) be the second derivative of -w**5/20 + w**4/4 + 7*w**3/6 - 5*w**2/2 + 4*w. What is the units digit of n(k)?
7
Let q = 5 + 148. What is the units digit of q?
3
Let l(t) = t**2 + t - 1. Let u be l(3). What is the units digit of u*(3 + 6/(-3))?
1
Let k(o) = o**2 - 10*o + 10. Suppose 16 = 4*s - 20. Let a be k(s). Let v(f) = 4*f**2. What is the units digit of v(a)?
4
Let h = -22 + 28. Suppose -2*j - 68 = -3*o - h*j, -79 = -4*o - 3*j. What is the units digit of o?
6
Let p = -7 + 14. Let d(u) = 0 + 0 + u. What is the units digit of d(p)?
7
Suppose 0 = -0*s + 3*s + 2*g + 3, -2*s = 5*g + 13. What is the tens digit of s/4 + 1470/40?
3
Let d = -4 + 5. Let p = -5 - -19. What is the units digit of d/(2*1/p)?
7
Suppose 10 = -6*d + 46. Suppose -l + 3*l - d = 0. What is the units digit of l?
3
Let h(r) = -r - 4. Let s be h(-7). Suppose 3*c = 3 + s. Suppose -c*w = -0*w - 10. What is the units digit of w?
5
Suppose -2*g = -0*g - 18. Suppose -g = 3*f - k + 4*k, k = 4*f - 3. What is the units digit of -3*6/(-2 - f)?
9
Let j(o) = 6*o**3 + 0*o + 9 + o - o**2 - 7*o**3. Let i be (-3 - -2)*(2 + -2). What is the units digit of j(i)?
9
Let g = -20 - -74. What is the units digit of g?
4
Suppose -4*n - r - 1145 = 0, -5*n + 6*r - 3*r - 1410 = 0. What is the units digit of (-4)/(-24) - n/18?
6
Let n(p) = p**2 - 9*p + 11. Let y be (-35)/4 - (-2)/(-8). Let f be (-4)/(-18) - 70/y. What is the units digit of n(f)?
3
Let j(u) = u**2 - 4*u + 6. Let r(l) = l**2 - 4*l + 5. Let f(n) = 3*j(n) - 4*r(n). What is the units digit of f(2)?
2
Suppose -u + 5 = -1. Let g = -9 + u. What is the units digit of ((-2)/(-2))/(g/(-30))?
0
What is the tens digit of 2358/8 + (-6)/8?
9
Let m(q) = -q**2 - 27*q - 39. What is the hundreds digit of m(-17)?
1
Let w(z) = z**2 - 1 + 6 - 1 + 7*z. Let m be w(-8). Let u = m - 5. What is the units digit of u?
7
What is the tens digit of (-2 - 2)/((-3)/(111/2))?
7
Let t(y) be the first derivative of -4*y**3/3 - y**2/2 + y + 1. Let h be t(1). Let s = h - -7. What is the units digit of s?
3
Suppose 6 + 6 = 4*m, -3*m = 3*x - 18. Suppose -8 = x*y - 7*y. What is the units digit of y?
2
Let h be 3/(1 + 5/(-2)). Let c be 8/(-24) - 26/(-6). Let m = c + h. What is the units digit of m?
2
Suppose 115 + 13 = s. What is the tens digit of s?
2
Let t(u) = u**2 + 6*u. Let c be t(-6). Suppose 4*q - 2*k = c, 0*q = 3*q + k - 5. Suppose -3*w + q = -8. What is the units digit of w?
3
Let r(q) be the first derivative of q**4/4 + 4*q**3/3 + q**2/2 - q - 4. Let w be r(-3). Let c = 6 - w. What is the units digit of c?
1
Let j be (-2 - 3) + (-2)/2. Let q = 5 + j. Let f = q - -2. What is the units digit of f?
1
Suppose 0 - 12 = -3*d. Suppose -3*g - g = 3*c - 1, -d*g = -c + 11. Suppose c*o - 2 = 1. What is the units digit of o?
1
What is the units digit of (-1 + -1)*(-2)/4?
1
Let v(l) = -l - 5. Let c be v(-8). Suppose -5*s - c = -4*s. What is the units digit of (-15)/9*s/1?
5
Suppose -5*g + 3*g + 6 = 0, 2*g = 2*h + 8. Let u = h - -22. What is the tens digit